[INFO] cloning repository https://github.com/segfo/plugin_poc
[INFO] running `Command { std: "git" "-c" "credential.helper=" "-c" "credential.helper=/workspace/cargo-home/bin/git-credential-null" "clone" "--bare" "https://github.com/segfo/plugin_poc" "/workspace/cache/git-repos/https%3A%2F%2Fgithub.com%2Fsegfo%2Fplugin_poc", kill_on_drop: false }`
[INFO] [stderr] Cloning into bare repository '/workspace/cache/git-repos/https%3A%2F%2Fgithub.com%2Fsegfo%2Fplugin_poc'...
[INFO] running `Command { std: "git" "rev-parse" "HEAD", kill_on_drop: false }`
[INFO] [stdout] 60172e5774f12e290a1baa08f705a55dc1a0f288
[INFO] checking segfo/plugin_poc against try#72f88fc4e9458f89516a0b8b0868f3718aec5b47 for pr-74989
[INFO] running `Command { std: "git" "clone" "/workspace/cache/git-repos/https%3A%2F%2Fgithub.com%2Fsegfo%2Fplugin_poc" "/workspace/builds/worker-2/source", kill_on_drop: false }`
[INFO] [stderr] Cloning into '/workspace/builds/worker-2/source'...
[INFO] [stderr] done.
[INFO] validating manifest of git repo https://github.com/segfo/plugin_poc on toolchain 72f88fc4e9458f89516a0b8b0868f3718aec5b47
[INFO] running `Command { std: "/workspace/cargo-home/bin/cargo" "+72f88fc4e9458f89516a0b8b0868f3718aec5b47" "read-manifest" "--manifest-path" "Cargo.toml", kill_on_drop: false }`
[INFO] started tweaking git repo https://github.com/segfo/plugin_poc
[INFO] finished tweaking git repo https://github.com/segfo/plugin_poc
[INFO] tweaked toml for git repo https://github.com/segfo/plugin_poc written to /workspace/builds/worker-2/source/Cargo.toml
[INFO] crate git repo https://github.com/segfo/plugin_poc already has a lockfile, it will not be regenerated
[INFO] running `Command { std: "/workspace/cargo-home/bin/cargo" "+72f88fc4e9458f89516a0b8b0868f3718aec5b47" "fetch" "--locked" "--manifest-path" "Cargo.toml", kill_on_drop: false }`
[INFO] [stderr]  Downloading crates ...
[INFO] [stderr]   Downloaded thread-id v3.3.0
[INFO] [stderr]   Downloaded log4rs v0.8.1
[INFO] [stderr]   Downloaded serde_yaml v0.8.8
[INFO] [stderr]   Downloaded ryu v0.2.7
[INFO] [stderr]   Downloaded crc32fast v1.1.2
[INFO] [stderr]   Downloaded miniz_oxide v0.2.0
[INFO] [stderr]   Downloaded miniz-sys v0.1.11
[INFO] [stderr]   Downloaded miniz_oxide_c_api v0.2.0
[INFO] [stderr]   Downloaded serde v1.0.84
[INFO] [stderr]   Downloaded serde_derive v1.0.84
[INFO] [stderr]   Downloaded itoa v0.4.3
[INFO] [stderr]   Downloaded linked-hash-map v0.5.1
[INFO] [stderr]   Downloaded log-mdc v0.1.0
[INFO] [stderr]   Downloaded serde_json v1.0.34
[INFO] [stderr]   Downloaded flate2 v1.0.6
[INFO] [stderr]   Downloaded yaml-rust v0.4.2
[INFO] [stderr]   Downloaded serde-value v0.5.3
[INFO] [stderr]   Downloaded crossbeam v0.3.2
[INFO] running `Command { std: "docker" "create" "-v" "/var/lib/crater-agent-workspace/builds/worker-2/target:/opt/rustwide/target:rw,Z" "-v" "/var/lib/crater-agent-workspace/builds/worker-2/source:/opt/rustwide/workdir:ro,Z" "-v" "/var/lib/crater-agent-workspace/cargo-home:/opt/rustwide/cargo-home:ro,Z" "-v" "/var/lib/crater-agent-workspace/rustup-home:/opt/rustwide/rustup-home:ro,Z" "-e" "SOURCE_DIR=/opt/rustwide/workdir" "-e" "CARGO_TARGET_DIR=/opt/rustwide/target" "-e" "CARGO_HOME=/opt/rustwide/cargo-home" "-e" "RUSTUP_HOME=/opt/rustwide/rustup-home" "-w" "/opt/rustwide/workdir" "-m" "1610612736" "--user" "0:0" "--network" "none" "rustops/crates-build-env@sha256:d92eaeed33fa75130ca1ee6c8a01d1ffb62bac859dfdfb3450e3e5d1c0146529" "/opt/rustwide/cargo-home/bin/cargo" "+72f88fc4e9458f89516a0b8b0868f3718aec5b47" "metadata" "--no-deps" "--format-version=1", kill_on_drop: false }`
[INFO] [stdout] dd768e720daa7408269652185d3f37d202b683d906a04398f9d9cb2aef9fa6a0
[INFO] [stderr] WARNING: Your kernel does not support swap limit capabilities or the cgroup is not mounted. Memory limited without swap.
[INFO] running `Command { std: "docker" "start" "-a" "dd768e720daa7408269652185d3f37d202b683d906a04398f9d9cb2aef9fa6a0", kill_on_drop: false }`
[INFO] running `Command { std: "docker" "inspect" "dd768e720daa7408269652185d3f37d202b683d906a04398f9d9cb2aef9fa6a0", kill_on_drop: false }`
[INFO] running `Command { std: "docker" "rm" "-f" "dd768e720daa7408269652185d3f37d202b683d906a04398f9d9cb2aef9fa6a0", kill_on_drop: false }`
[INFO] [stdout] dd768e720daa7408269652185d3f37d202b683d906a04398f9d9cb2aef9fa6a0
[INFO] running `Command { std: "docker" "create" "-v" "/var/lib/crater-agent-workspace/builds/worker-2/target:/opt/rustwide/target:rw,Z" "-v" "/var/lib/crater-agent-workspace/builds/worker-2/source:/opt/rustwide/workdir:ro,Z" "-v" "/var/lib/crater-agent-workspace/cargo-home:/opt/rustwide/cargo-home:ro,Z" "-v" "/var/lib/crater-agent-workspace/rustup-home:/opt/rustwide/rustup-home:ro,Z" "-e" "SOURCE_DIR=/opt/rustwide/workdir" "-e" "CARGO_TARGET_DIR=/opt/rustwide/target" "-e" "CARGO_INCREMENTAL=0" "-e" "RUST_BACKTRACE=full" "-e" "RUSTFLAGS=--cap-lints=forbid" "-e" "CARGO_HOME=/opt/rustwide/cargo-home" "-e" "RUSTUP_HOME=/opt/rustwide/rustup-home" "-w" "/opt/rustwide/workdir" "-m" "1610612736" "--user" "0:0" "--network" "none" "rustops/crates-build-env@sha256:d92eaeed33fa75130ca1ee6c8a01d1ffb62bac859dfdfb3450e3e5d1c0146529" "/opt/rustwide/cargo-home/bin/cargo" "+72f88fc4e9458f89516a0b8b0868f3718aec5b47" "check" "--frozen" "--all" "--all-targets" "--message-format=json", kill_on_drop: false }`
[INFO] [stdout] 938a17c8c314dc216376d7683fec7d5b7bad01f7d203ebcbf4e02aac0ae4f866
[INFO] [stderr] WARNING: Your kernel does not support swap limit capabilities or the cgroup is not mounted. Memory limited without swap.
[INFO] running `Command { std: "docker" "start" "-a" "938a17c8c314dc216376d7683fec7d5b7bad01f7d203ebcbf4e02aac0ae4f866", kill_on_drop: false }`
[INFO] [stderr]     Blocking waiting for file lock on package cache
[INFO] [stderr]     Checking cfg-if v0.1.6
[INFO] [stderr]     Checking dtoa v0.4.3
[INFO] [stderr]    Compiling winapi v0.3.6
[INFO] [stderr]     Checking log-mdc v0.1.0
[INFO] [stderr]     Checking antidote v1.0.0
[INFO] [stderr]    Compiling miniz-sys v0.1.11
[INFO] [stderr]    Compiling libloading v0.5.0
[INFO] [stderr]     Checking unsafe-any v0.4.2
[INFO] [stderr]     Checking humantime v1.2.0
[INFO] [stderr]    Compiling proc-macro2 v0.4.24
[INFO] [stderr]     Checking time v0.1.42
[INFO] [stderr]     Checking thread-id v3.3.0
[INFO] [stderr]     Checking toml v0.4.10
[INFO] [stderr]     Checking serde_json v1.0.34
[INFO] [stderr]     Checking crc32fast v1.1.2
[INFO] [stderr]     Checking log v0.4.6
[INFO] [stderr]     Checking ordered-float v1.0.1
[INFO] [stderr]     Checking typemap v0.3.3
[INFO] [stderr]     Checking serde_yaml v0.8.8
[INFO] [stderr]     Checking serde-value v0.5.3
[INFO] [stderr]     Checking chrono v0.4.6
[INFO] [stderr]    Compiling quote v0.6.10
[INFO] [stderr]    Compiling syn v0.15.24
[INFO] [stderr]     Checking flate2 v1.0.6
[INFO] [stderr]    Compiling serde_derive v1.0.84
[INFO] [stderr]     Checking log4rs v0.8.1
[INFO] [stderr]     Checking tax_calc v0.1.0 (/opt/rustwide/workdir)
[INFO] [stdout] error[E0433]: failed to resolve: could not find `windows` in `os`
[INFO] [stdout]   --> src/common.rs:17:18
[INFO] [stdout]    |
[INFO] [stdout] 17 |     use std::os::windows::ffi::OsStringExt;
[INFO] [stdout]    |                  ^^^^^^^ could not find `windows` in `os`
[INFO] [stdout] 
[INFO] [stdout] 
[INFO] [stdout] warning: unused import: `Path`
[INFO] [stdout]  --> src/common.rs:3:17
[INFO] [stdout]   |
[INFO] [stdout] 3 | use std::path::{Path,PathBuf};
[INFO] [stdout]   |                 ^^^^
[INFO] [stdout]   |
[INFO] [stdout]   = note: `#[warn(unused_imports)]` on by default
[INFO] [stdout] 
[INFO] [stdout] 
[INFO] [stdout] warning: unused import: `winapi`
[INFO] [stdout]  --> src/common.rs:7:5
[INFO] [stdout]   |
[INFO] [stdout] 7 | use winapi;
[INFO] [stdout]   |     ^^^^^^
[INFO] [stdout] 
[INFO] [stdout] 
[INFO] [stdout] warning: unused import: `log`
[INFO] [stdout]  --> src/common.rs:8:5
[INFO] [stdout]   |
[INFO] [stdout] 8 | use log;
[INFO] [stdout]   |     ^^^
[INFO] [stdout] 
[INFO] [stdout] 
[INFO] [stdout] warning: unused import: `log4rs`
[INFO] [stdout]  --> src/common.rs:9:5
[INFO] [stdout]   |
[INFO] [stdout] 9 | use log4rs;
[INFO] [stdout]   |     ^^^^^^
[INFO] [stdout] 
[INFO] [stdout] 
[INFO] [stdout] warning: unused import: `Path`
[INFO] [stdout]  --> src/main.rs:3:17
[INFO] [stdout]   |
[INFO] [stdout] 3 | use std::path::{Path,PathBuf};
[INFO] [stdout]   |                 ^^^^
[INFO] [stdout] 
[INFO] [stdout] 
[INFO] [stdout] warning: unused import: `std::env`
[INFO] [stdout]  --> src/main.rs:5:5
[INFO] [stdout]   |
[INFO] [stdout] 5 | use std::env;
[INFO] [stdout]   |     ^^^^^^^^
[INFO] [stdout] 
[INFO] [stdout] 
[INFO] [stdout] warning: unused import: `std::error::Error`
[INFO] [stdout]   --> src/main.rs:18:5
[INFO] [stdout]    |
[INFO] [stdout] 18 | use std::error::Error;
[INFO] [stdout]    |     ^^^^^^^^^^^^^^^^^
[INFO] [stdout] 
[INFO] [stdout] 
[INFO] [stdout] error[E0433]: failed to resolve: could not find `windows` in `os`
[INFO] [stdout]   --> src/common.rs:17:18
[INFO] [stdout]    |
[INFO] [stdout] 17 |     use std::os::windows::ffi::OsStringExt;
[INFO] [stdout]    |                  ^^^^^^^ could not find `windows` in `os`
[INFO] [stdout] 
[INFO] [stdout] 
[INFO] [stdout] warning: unused import: `Path`
[INFO] [stdout]  --> src/common.rs:3:17
[INFO] [stdout]   |
[INFO] [stdout] 3 | use std::path::{Path,PathBuf};
[INFO] [stdout]   |                 ^^^^
[INFO] [stdout]   |
[INFO] [stdout]   = note: `#[warn(unused_imports)]` on by default
[INFO] [stdout] 
[INFO] [stdout] 
[INFO] [stdout] warning: unused import: `winapi`
[INFO] [stdout]  --> src/common.rs:7:5
[INFO] [stdout]   |
[INFO] [stdout] 7 | use winapi;
[INFO] [stdout]   |     ^^^^^^
[INFO] [stdout] 
[INFO] [stdout] 
[INFO] [stdout] warning: unused import: `log`
[INFO] [stdout]  --> src/common.rs:8:5
[INFO] [stdout]   |
[INFO] [stdout] 8 | use log;
[INFO] [stdout]   |     ^^^
[INFO] [stdout] 
[INFO] [stdout] 
[INFO] [stdout] warning: unused import: `log4rs`
[INFO] [stdout]  --> src/common.rs:9:5
[INFO] [stdout]   |
[INFO] [stdout] 9 | use log4rs;
[INFO] [stdout]   |     ^^^^^^
[INFO] [stdout] 
[INFO] [stdout] 
[INFO] [stdout] warning: unused import: `Path`
[INFO] [stdout]  --> src/main.rs:3:17
[INFO] [stdout]   |
[INFO] [stdout] 3 | use std::path::{Path,PathBuf};
[INFO] [stdout]   |                 ^^^^
[INFO] [stdout] 
[INFO] [stdout] 
[INFO] [stdout] warning: unused import: `std::env`
[INFO] [stdout]  --> src/main.rs:5:5
[INFO] [stdout]   |
[INFO] [stdout] 5 | use std::env;
[INFO] [stdout]   |     ^^^^^^^^
[INFO] [stdout] 
[INFO] [stdout] 
[INFO] [stdout] warning: unused import: `std::error::Error`
[INFO] [stdout]   --> src/main.rs:18:5
[INFO] [stdout]    |
[INFO] [stdout] 18 | use std::error::Error;
[INFO] [stdout]    |     ^^^^^^^^^^^^^^^^^
[INFO] [stdout] 
[INFO] [stdout] 
[INFO] [stdout] error[E0599]: no function or associated item named `from_wide` found for struct `OsString` in the current scope
[INFO] [stdout]   --> src/common.rs:22:19
[INFO] [stdout]    |
[INFO] [stdout] 22 |         OsString::from_wide(slice).to_string_lossy().into_owned()
[INFO] [stdout]    |                   ^^^^^^^^^ function or associated item not found in `OsString`
[INFO] [stdout] 
[INFO] [stdout] 
[INFO] [stdout] error[E0308]: mismatched types
[INFO] [stdout]   --> src/common.rs:82:17
[INFO] [stdout]    |
[INFO] [stdout] 82 | fn unix_init()->InitData{
[INFO] [stdout]    |    ---------    ^^^^^^^^ expected struct `InitData`, found `()`
[INFO] [stdout]    |    |
[INFO] [stdout]    |    implicitly returns `()` as its body has no tail or `return` expression
[INFO] [stdout] 
[INFO] [stdout] 
[INFO] [stdout] error: aborting due to 3 previous errors; 7 warnings emitted
[INFO] [stdout] 
[INFO] [stdout] 
[INFO] [stdout] Some errors have detailed explanations: E0308, E0433, E0599.
[INFO] [stdout] 
[INFO] [stdout] For more information about an error, try `rustc --explain E0308`.
[INFO] [stdout] 
[INFO] [stderr] error: could not compile `tax_calc`.
[INFO] [stderr] 
[INFO] [stderr] To learn more, run the command again with --verbose.
[INFO] [stderr] warning: build failed, waiting for other jobs to finish...
[INFO] [stdout] error[E0599]: no function or associated item named `from_wide` found for struct `OsString` in the current scope
[INFO] [stdout]   --> src/common.rs:22:19
[INFO] [stdout]    |
[INFO] [stdout] 22 |         OsString::from_wide(slice).to_string_lossy().into_owned()
[INFO] [stdout]    |                   ^^^^^^^^^ function or associated item not found in `OsString`
[INFO] [stdout] 
[INFO] [stdout] 
[INFO] [stdout] error[E0308]: mismatched types
[INFO] [stdout]   --> src/common.rs:82:17
[INFO] [stdout]    |
[INFO] [stdout] 82 | fn unix_init()->InitData{
[INFO] [stdout]    |    ---------    ^^^^^^^^ expected struct `InitData`, found `()`
[INFO] [stdout]    |    |
[INFO] [stdout]    |    implicitly returns `()` as its body has no tail or `return` expression
[INFO] [stdout] 
[INFO] [stdout] 
[INFO] [stdout] error: aborting due to 3 previous errors; 7 warnings emitted
[INFO] [stdout] 
[INFO] [stdout] 
[INFO] [stdout] Some errors have detailed explanations: E0308, E0433, E0599.
[INFO] [stdout] 
[INFO] [stdout] For more information about an error, try `rustc --explain E0308`.
[INFO] [stdout] 
[INFO] [stderr] error: build failed
[INFO] running `Command { std: "docker" "inspect" "938a17c8c314dc216376d7683fec7d5b7bad01f7d203ebcbf4e02aac0ae4f866", kill_on_drop: false }`
[INFO] running `Command { std: "docker" "rm" "-f" "938a17c8c314dc216376d7683fec7d5b7bad01f7d203ebcbf4e02aac0ae4f866", kill_on_drop: false }`
[INFO] [stdout] 938a17c8c314dc216376d7683fec7d5b7bad01f7d203ebcbf4e02aac0ae4f866
